2. What are the prime factors of u?
3, 4583
Let w(p) = -12 + 4 + p**3 - 13 - 5 + 29*p + 21*p**2. List the prime factors of w(-19).
5, 29
Suppose -50*v + 42*v + 57392 = 0. List the prime factors of v.
2, 17, 211
Let i = -308 - -421. Suppose -u = -2*z - 72 - 39, 3*z = u - i. List the prime factors of u.
107
Let g = -55539 - -101841. List the prime factors of g.
2, 3, 7717
Suppose 0 = 71*r - 78317 + 7513 - 216462. What are the prime factors of r?
2, 7, 17
Let f(o) be the first derivative of o**3/3 - 11*o**2 - 67*o - 49. What are the prime factors of f(30)?
173
Suppose -3*p + a = -0*p - 11, 3*p = -5*a + 35. Suppose 32 = p*v - 3*v + 5*q, -2*q + 8 = 0. Let i(m) = m**3 - m**2 + m - 17. List the prime factors of i(v).
13
Suppose -m + 118 = -27. Let p = m + -136. List the prime factors of p.
3
Suppose -z - 29 = -35. Let c = z + 51. What are the prime factors of c?
3, 19
Let z(r) = -112*r + 10. Let h be z(-2). Let b = h + 118. List the prime factors of b.
2, 11
Suppose -18 + 5 = -a. Suppose -2*s + a - 5 = 0. List the prime factors of ((-392)/10)/(s/(-10)).
2, 7
Suppose 2*x - p + 5*p - 686 = 0, -4*x + 1342 = 2*p. Suppose -8*g = x - 2045. List the prime factors of g.
2, 107
Let y(o) be the first derivative of 5*o**3/3 + 6*o**2 + 86*o + 30. What are the prime factors of y(-10)?
2, 233
Let m(z) = -1074*z - 453. What are the prime factors of m(-3)?
3, 13, 71
Let s(m) = 3*m**2 + 29*m + 32. Let g be s(-17). Suppose -2*v + 5*k = -g, 3*v + 3*k = 161 + 490. List the prime factors of v.
3, 71
Suppose 3*p - 4*q + 0*q = 2898, 0 = 4*p + 3*q - 3864. Suppose 3*c + 3*x - p = x, 2*c - 639 = -3*x. What are the prime factors of c?
2, 3
Let y = 700 + -686. Suppose -9*s + y = -76. List the prime factors of s.
2, 5
List the prime factors of (6/4)/(-2 - (-193665)/96828).
2, 8069
What are the prime factors of ((1 - 13805/(-15)) + -5)/(7/42)?
2, 2749
Let u(j) = j**3 - 8*j**2 - 119*j + 22. What are the prime factors of u(24)?
2, 3191
Let o(w) = 9*w - 15. Let n be o(3). Suppose -2*f = -4*q + 1 - 9, -2*q + n = 3*f. Suppose f*u - 449 = -x, u + 2*x = 3*u - 212. What are the prime factors of u?
3, 37
List the prime factors of 3/7*2609782/393.
2, 1423
Let x(z) = z**3 + 23*z**2 - 5*z + 32. Let v = 19 + -43. Let q be x(v). What are the prime factors of (q/(-2))/(3 + -1)?
2, 53
Let c = -8349 + 24586. List the prime factors of c.
13, 1249
Let t(w) = -77*w**3 - 4*w - 3. Suppose 2*j + f - 5 = 0, 4*f = -3*j + 9*f + 40. Suppose 2*o = -7 + j. What are the prime factors of t(o)?
2, 3, 13
Suppose 0 = 14*t - 38073 - 39151. Suppose -12*o + 26*o = t. What are the prime factors of o?
2, 197
Let a = 28 + -60. Let m = a - -21. Let b = m + 46. What are the prime factors of b?
5, 7
Let b(u) = u + 1. Let m(a) = 4*a - 1. Let w(j) = -5*b(j) + m(j). Let s be w(-6). Suppose 14*v - 16*v + 6 = s. List the prime factors of v.
3
Let r = 11552 + -8578. What are the prime factors of r?
2, 1487
Let h(b) = -b**3 - b**2 + 7*b - 4. Let o be h(5). Suppose 318*f - 61771 = 41*f. Let d = o + f. What are the prime factors of d?
2, 13
Let m = 7260 - 3578. List the prime factors of m.
2, 7, 263
Let b(m) = 2*m**2 + 43*m - 376. List the prime factors of b(44).
2, 3, 449
Let f be 0/(4/1 - 5). Suppose -8*r + 651 + 277 = f. List the prime factors of r/6 - 7/(21/(-2)).
2, 5
Let f = 270 + -270. Suppose f = 5*y + 4*p - 2751, 0 = 3*y - 4*p - 1638 + 13. List the prime factors of y.
547
What are the prime factors of (-24)/(-60)*20 + 18120?
2, 11, 103
Let r(y) = -9*y**2 - 5*y**2 + 33*y - 11 - y**3 - 1 - 2*y. Let l be r(-16). Let j(k) = -k**3 + 6*k**2 - 6*k - 4. List the prime factors of j(l).
2
Let l(p) be the first derivative of 1/4*p**4 + 3 + 5*p**2 - 3*p**3 + 3*p. What are the prime factors of l(8)?
19
Suppose -5*l - 5 = -8*r + 9*r, 0 = 2*l - 4*r - 20. Suppose -3*t + 5*h + 2340 = l, 11*t = 10*t + 4*h + 780. What are the prime factors of t?
2, 3, 5, 13
Let f(w) be the second derivative of w**5/10 + w**4/6 + w**3/2 + w**2 - 11*w. Let j be f(-1). Let q = j + 11. List the prime factors of q.
2, 5
Let b = -44164 + 64484. What are the prime factors of b?
2, 5, 127
What are the prime factors of (-1394714 - -26)/(-24) + -5?
3, 7, 2767
Suppose 2*l - x - 4 = 1, -4*x = 2*l. Let c(a) = 6 + 26*a**2 + 19*a**l - 44*a**2 - 5*a. List the prime factors of c(5).
2, 3
Let j(s) = -2*s**2 + s - 1. Let q(a) = 18*a**2 + 15*a - 4. Let h(l) = 5*j(l) + q(l). What are the prime factors of h(-9)?
3, 17
Let q(i) = 111*i**2 + 193*i - 62. List the prime factors of q(15).
2, 11, 79
Suppose 0 = -a + 5*q + 425 + 314, -2*a = -4*q - 1472. List the prime factors of a.
2, 367
Suppose -3*u = -h + 8468, 18*h + 5*u = 13*h + 42400. List the prime factors of h.
7, 173
Suppose -5*o + 49*o - 9240 = 0. Suppose 2*w - l = 703, 0 = -w + 3*l + 154 + o. What are the prime factors of w?
349
Let f(w) = 106*w**2 - 47*w - 178. List the prime factors of f(-6).
2, 5, 7
Let g(i) = -339*i + 4072. List the prime factors of g(-75).
13, 2269
Let q(d) = 5*d**3 - 57*d**2 + 320*d + 24. List the prime factors of q(19).
2, 11, 17, 53
Suppose 14*y - 9*y = -55. Let s = -77 - y. List the prime factors of 7/((-63)/s)*(3 - -12).
2, 5, 11
Suppose -5*s = -4*h + 153372, 12672 = h + 5*s - 25721. List the prime factors of h.
7, 5479
Let a be 3 - 0/(1 - 9). Suppose p + 438 - 1470 = -v, a*v = 2*p + 3081. List the prime factors of v.
3, 7
Suppose 4*n + 2910 = -5*s, -3*s + 2*n = 7*n + 1746. Let u = -313 - s. List the prime factors of u.
269
Let d(h) = -h**3 + h**2 + h + 18443. List the prime factors of d(0).
18443
Suppose 69*i + 74*i = 167*i - 30888. List the prime factors of i.
3, 11, 13
Suppose 3*p + 63211 + 9788 = 4*i, 2*i - 3*p - 36507 = 0. List the prime factors of i.
2, 3, 3041
Suppose -2*b - 1353 = -5*k, 0 = -4*k - 4*b + 751 + 309. Suppose 0 = -4*q - 5*f + k, -94 = -2*q - f + 33. Suppose 265 = 4*l + q. List the prime factors of l.
3, 17
Let w(f) = 25*f**2 + 2*f - 2. Let u = -52 + 56. Let g(q) = 3*q - 14. Let h be g(u). What are the prime factors of w(h)?
2, 47
Let s(f) = 362*f**2 - 38*f - 85. What are the prime factors of s(-2)?
1439
Let r = -1836 + 3301. List the prime factors of r.
5, 293
Let t(f) = -31*f**3 - 2*f**2 - 9*f - 21. What are the prime factors of t(-5)?
3, 1283
Suppose -28*f + 1530 = -10*f. Let g = -81 + f. Suppose -5*w + 71 = -g*w. List the prime factors of w.
71
Suppose -2*y - 3*y = 5*y - 524060. What are the prime factors of y?
2, 26203
Let g = 255 + -244. Suppose -g*d + 1065 = -519. What are the prime factors of d?
2, 3
Let n(g) = -22*g + 70. Suppose 5*v = -4*m - 35, 2*v - 8*m + 7*m = -27. What are the prime factors of n(v)?
2, 3, 13
What are the prime factors of ((-243)/(-2) - 0)/((-1144)/(-59488))?
2, 3, 13
Suppose 2*b - 5*b = -2*b. Suppose c + 0*h + h - 9 = b, -1 = -c + h. What are the prime factors of 57 + -2 + (4 - c)?
2, 3
Suppose 176 = 5*y + 56. Suppose 2*i - 6*i + y = 0. What are the prime factors of ((-575)/(-15))/(2/i)?
5, 23
Let s = 24 + -41. Let x be s + 16 + 73*1. Suppose 2*n = -2*n + x. List the prime factors of n.
2, 3
Let i(s) = -5*s + 33. Let w be i(6). What are the prime factors of ((-483)/5)/(w/(-15)) + -2?
13, 37
Let n(t) = -20*t**2 + 2*t + 1. Let g be n(2). Let b be (5 - (1 - 0))*(-234)/(-72). Let k = b - g. What are the prime factors of k?
2, 11
Let m(f) = -71*f - 267. Let q(b) = -70*b - 267. Let z(r) = 5*m(r) - 6*q(r). List the prime factors of z(26).
19, 103
Let y(q) = -4*q**2 - 67*q + 140. Let c(m) = -5*m**2 - 72*m + 141. Let w(f) = 5*c(f) - 6*y(f). What are the prime factors of w(25)?
2, 5, 29
Suppose -20237 = -3*y + 5*t, -4*y + 23*t + 26975 = 24*t. Suppose -28808 = -16*s - y. List the prime factors of s.
7, 197
Let t be (260/30)/((-2)/(-654)). Suppose -18560 - t = -38*r. List the prime factors of r.
563
Let a(y) = 0 + 5*y**3 + 37*y + 3*y**2 - 51*y + 31 + 2. List the prime factors of a(6).
3, 379
Let g(k) = -132*k - 84. Let y be g(-5). Suppose -3*d - h + 4*h = -864, 2*d + 5*h - y = 0. List the prime factors of d.
2, 3
Let n be (3 + 3*-83)/(-1). Suppose 377*v + 40 = 382*v. List the prime factors of (n/v)/(6/24).
3, 41
Let s(v) = 26*v + 5 + 80 + 66. What are the prime factors of s(6)?
307
Suppose -8*f = -6*f - 94. Let t = f + -45. Suppose -3*s - t*p + 106 = 0, -4 = -s - 3*p + 29. What are the prime factors of s?
2, 3
Suppose 2*a = -3*u - 18, -4*u = 14 + 2. List 